 by h.
49
Let v(q) = 16*q - 10. Let j(h) = -13*h + 10. Let c(x) = -6*j(x) - 4*v(x). Calculate the remainder when 268 is divided by c(11).
0
Suppose -180*r = -175*r + 20, 4*r - 6137 = -3*j. What is the remainder when j is divided by 257?
252
Suppose 4*r + 5*z = 146, r + 2*z = -3*z + 29. Suppose -b = -3*k + 2*b + r, b - 32 = -2*k. Calculate the remainder when 30 + (5 - -3) + -9 is divided by k.
14
What is the remainder when (8/(-12) + 2)/(12362/1764 + -7) is divided by 138?
30
Suppose 4*o = -4*o + 24. Suppose -215*r + 210*r + 15 = 0. What is the remainder when o is divided by ((-10)/15)/((-2)/r)?
0
Let l(y) = y**2 + 15*y + 24. Let d be l(-16). Suppose -5*t + 3*r - d = 0, 2*r - 19 = 2*t + 1. What is the remainder when 62 is divided by 39/(-3)*5/t?
10
Calculate the remainder when (54/(-21))/(14/(-539)) is divided by 19 + (-2)/(1*-2).
19
Let f = 4245 + -3995. What is the remainder when f is divided by 78?
16
Let m = 46 - 20. Suppose -88745 = 27*j - 90311. Calculate the remainder when j is divided by m.
6
Let i = 15957 + -13485. What is the remainder when i is divided by 54?
42
Let o(r) be the third derivative of r**5/60 - 3*r**4/8 + r**3/2 - 14*r**2. Let k be o(9). Suppose -24 = -k*a + 6. What is the remainder when 17 is divided by a?
7
Suppose 2*z = 3*j - 14661, 0 = -4*j - 14*z - 2*z + 19660. What is the remainder when j is divided by 68?
63
Let d(i) = -i**3 + 3*i**2 - 5*i - 8. Let b be d(6). Let z = -28 - b. Let x(h) = h**2 + 4*h - 2. Calculate the remainder when z is divided by x(-8).
28
Let a(m) = 2*m**3 + 240*m**2 - 51*m - 437. Calculate the remainder when a(-120) is divided by 316.
311
Suppose -124*z = -267724 - 100432. Calculate the remainder when z is divided by 9.
8
Suppose -11*t = -6 - 38. Suppose 4*d + t*v = d + 39, 0 = 2*d - v - 15. Suppose d*z = 5*z + 336. What is the remainder when z is divided by 17?
16
Suppose -42*g + 34 = -25*g. Suppose 0 = -4*x + g*m + 1670 + 572, 5*x - 2825 = -2*m. Calculate the remainder when x is divided by 47.
46
Let s = -1018 + 1443. What is the remainder when s is divided by (-54)/9 + (-2)/((-8)/52)?
5
Let a(y) = -10*y**2 + 19*y - 63. Let d be a(4). Calculate the remainder when 173 is divided by (630/d)/(1/(-7))*2.
53
Let b(a) = 27*a - 64. Let d be b(3). Suppose -1270 - 277 = -d*p. Calculate the remainder when p is divided by 12.
7
Let l = 7805 - 7760. Calculate the remainder when 317 is divided by l.
2
Suppose -3*d = 3*p - 186, -p + 70 = 2*d - 5*d. Let s be p/(-5) + (-8)/(-10). Let h = 32 - s. Calculate the remainder when 130 is divided by h.
42
Let c(i) be the first derivative of -i**3/3 - 15*i**2/2 + 15*i + 94. What is the remainder when 169 is divided by c(-14)?
24
Suppose 0 = -196*a - 173*a + 61254. Suppose -l + h = -12, -l = l + 3*h - 4. What is the remainder when a is divided by l?
6
Let i(l) = -4*l - 4*l - 5*l - 2*l + 502 + 16*l. Calculate the remainder when i(0) is divided by 72.
70
Calculate the remainder when 697 is divided by (-4)/(-24)*438 + (-9)/3.
67
Suppose -5*s = 5*d + 45, -34 = 4*d - 0*s + 2*s. What is the remainder when 3 + 121 - -2 - d is divided by 17?
15
Suppose 4509*v + 432 = 4515*v. Calculate the remainder when v is divided by 62.
10
Suppose 0 = -5*i - 3*g + 2736, -3*i + 4*g + 1359 = -300. Calculate the remainder when i is divided by 26.
3
Let v(z) = z**2 + 3*z + 8 - 6*z + 6*z + 8*z. Let r be v(-7). Calculate the remainder when 9 is divided by 4/6 + (-1)/(6/r).
1
Suppose -5*r = 5*y - 1330, 5*r + 21 + 239 = y. What is the remainder when y is divided by 142?
123
Suppose 520 = 2*s + 6*s. Let t = s + -67. Calculate the remainder when 42 is divided by 1/(0 + (t - -3)) + 10.
9
Let t = 2378 + -2333. What is the remainder when t is divided by 1?
0
Let d = -40 + 44. Suppose -d*u + 25 = -35. Suppose 11*r - u = 8*r. Calculate the remainder when 12 is divided by r.
2
Let q be 9 + -6 - -2 - 5. Suppose -3*m = 4*y - 146, q = 2*m + 3*y - 34 - 62. Calculate the remainder when 113 is divided by m.
5
What is the remainder when -11*(-26)/8 + 32/128 is divided by 12?
0
Suppose 2*h - 12*g = -9*g + 399, -189 = -h - 2*g. Let i = 201 - h. Suppose -b - 29 = -2*b. What is the remainder when b is divided by i?
5
Let y = -603 + 1018. Let v = y - 332. Calculate the remainder when v is divided by 7.
6
Let t(k) = 90*k**3 - 2 + 5*k**2 - 91*k**3 + 9 - 6*k + 2. Calculate the remainder when t(2) is divided by 5.
4
Let m(r) be the second derivative of 35*r**4/12 + r**3/6 - 2*r. Calculate the remainder when m(1) is divided by 3/(-9*8/(-456)).
17
Let b(p) be the first derivative of 2*p - 4*p**2 + 13*p**2 - 3*p**2 - 27*p + 4. Calculate the remainder when b(6) is divided by 12.
11
Suppose -4*t = -6*t, 4*t = 4*a - 220. Suppose 29 = -4*l + 3*d + 680, 2*l + 2*d = 322. Calculate the remainder when l is divided by a.
52
Let m be 2/(4 + (-150)/45). Let y = 2 - 2. Suppose -5*i - 3*s = -y*s - 356, 3*i + m*s - 216 = 0. What is the remainder when i is divided by 24?
22
Let z(x) be the second derivative of x**4/6 - x**3/6 + 9*x**2 - 35*x - 1. What is the remainder when 107 is divided by z(0)?
17
Suppose 50 = f - 32. Suppose -18029 + 12103 = -76*z + 18926. What is the remainder when z is divided by f?
81
Suppose -5*h - 3*v + 202 = -184, -v + 155 = 2*h. Let n = h + -55. What is the remainder when 213 is divided by n?
21
Let r(j) = -7*j + 4. Let t(x) = -9*x**2 - 70*x + 465. What is the remainder when t(-11) is divided by r(-5)?
29
Let p(q) be the third derivative of -q**6/120 - q**5/15 + q**4/2 + 13*q**3/3 - 34*q**2. What is the remainder when 100 is divided by p(-6)?
22
Suppose -12*k + 0 - 48 = 0. What is the remainder when 547 + (k/(-18) - 14/(-18)) is divided by 29?
26
Suppose 28*y = 26*y + 3*l - 1224, 1212 = -2*y - 3*l. Let a = -541 - y. Suppose 0*j + 20 = r - 2*j, -1 = r + 5*j. What is the remainder when a is divided by r?
12
Suppose -4*q - 140 = -2*q. Let k(u) = -2*u**3 - 79*u**2 + 38*u - 45. Calculate the remainder when k(-40) is divided by (-20)/q + (-164)/(-14).
11
Let f = 148 - 146. Suppose -14 = -2*u - 4*a, f*a - 18 = -4*u + 4. Suppose -4*i = 5*s - 40, 5*s + 3*i - 15 = 4*i. Calculate the remainder when u is divided by s.
1
Let b = -10775 - -10946. Calculate the remainder when 1179 is divided by b.
153
Let z be 2*3 + (-9)/(18/4). Suppose -z*d = -53 - 7. Suppose 28*j - d*j - 195 = 0. What is the remainder when 29 is divided by j?
14
Let j(y) = -y**2 + 10*y - 14. Let g = 1 + -6. What is the remainder when j(6) is divided by 9 + (g - 8/(-4))?
4
What is the remainder when 2/6*6767 - 278/417 is divided by 2?
1
Let i = -78863 + 78869. Suppose 0 = -4*q + 5*q - 27. What is the remainder when q is divided by i?
3
Suppose 16*f = -131*f - 38*f + 31450. Calculate the remainder when 277 is divided by f.
107
Let x(s) = -4250*s - 131031. What is the remainder when x(-31) is divided by (-9)/((-5)/(-4) + -2)?
11
Suppose -10*a + 14*a - 3284 = x, -4*x - 1642 = -2*a. Let l = a + -543. What is the remainder when l is divided by 32?
22
Let a(t) = t**2 + 29*t + 177. Calculate the remainder when 934 is divided by a(-8).
7
Let v be (38 - 37) + 2/(-2). What is the remainder when -5 + (1989/9 - v) is divided by 73?
70
Suppose -2*y - 3 = -4*f + 7, -5*y = -2*f - 7. Suppose -i - y*i + 2*p + 78 = 0, 5*i = -3*p + 70. What is the remainder when 32 is divided by i?
15
Let u(w) = -5*w + 2. Suppose -2*l - 12*g + 105 = -83, 0 = -4*l - 5*g + 395. Calculate the remainder when l is divided by u(-3).
15
Suppose -3*v = -v - 6. Let n(u) = 2*u**2 - 188*u - 973. What is the remainder when n(-5) is divided by v?
2
Let f = -5276 - -5320. What is the remainder when 1667 is divided by f?
39
Suppose 173 = 3*k - 4*r, 4*k + 3*r - 268 = -r. Let g(o) = 13*o**2 + 8*o - 13. What is the remainder when g(6) is divided by k?
62
Let w be ((-90)/150)/((-6)/100). Suppose 0 = w*g + 150 - 370. Let x = -126 - -279. What is the remainder when x is divided by g?
21
Suppose 0 = 3*z - 2*j - 13, 5*z - 6 = 4*j + 15. Calculate the remainder when ((-6)/(-8)*z)/((-3)/(-88)) is divided by 6.
2
Let c(r) = -r + 4. Let l be c(1). Suppose 2*k - 78 = -2*y - 2*y, 0 = 2*y - l*k - 51. Calculate the remainder when 570/7 + (-40)/(-70) is divided by y.
19
Let k(n) = -28*n**3 + 9*n**2 + 5*n + 2. Calculate the remainder when 193 is divided by k(-1).
23
Let q = 66 + 371. Suppose -q - 439 = -12*c. What is the re